t q(m) = -m**3 - 14*m**2 + m + 12. Calculate q(-14).
-2
Let n(s) = -41*s - 202. Calculate n(-5).
3
Let c(q) = -9*q**2. What is c(1)?
-9
Let p(t) = -t**3 - 18*t**2 + 40*t - 29. Calculate p(-20).
-29
Let m(u) = 3*u - 3. Give m(-2).
-9
Let o(i) = -6*i**2 + 5*i - 3. Give o(3).
-42
Let y(u) = 9*u**2 - 3*u + 3. Give y(2).
33
Let v(f) = -f**3 + 9*f**2 + 12*f + 8. Calculate v(10).
28
Let p(j) = j - 5. What is p(-5)?
-10
Let k(u) = 5*u**3 + 30*u**2 - 2*u + 5. What is k(-6)?
17
Let p(v) = -2*v**2 + 19*v - 40. What is p(4)?
4
Let q(h) = 3*h - 79. Determine q(-25).
-154
Let o(t) = 39*t**3 + 3*t**2 - 3*t - 5. What is o(-1)?
-38
Let z(j) = -j - 15. Calculate z(5).
-20
Let p(o) = -12*o + 9. Calculate p(3).
-27
Let s(x) = 2*x**2 - 20*x - 10. What is s(12)?
38
Let i(f) = -f**2 + 3*f - 6. Determine i(5).
-16
Let r(n) = n + 6. Determine r(-10).
-4
Let y(i) = -i**3 - 3*i**2 + 10*i - 12. What is y(-5)?
-12
Let l(r) = r**3 + 8*r**2 + 9*r + 12. What is l(-7)?
-2
Let m(s) = -5*s**3 - 2*s**2 - 5*s - 3. What is m(-1)?
5
Let y(m) = m + 3. Give y(3).
6
Let a(o) = -o**2 + 2*o - 4. Calculate a(6).
-28
Let d(y) = -12*y - 464. What is d(-39)?
4
Let k(g) = g - 2. Calculate k(5).
3
Let i(v) = -8*v + 59. What is i(8)?
-5
Let a(b) = -4*b + 77. Give a(26).
-27
Let n(g) = g**2 - 5*g - 5. Calculate n(6).
1
Let d(s) = s**3 + 7*s**2 - 2*s - 52. What is d(-6)?
-4
Let k(w) = -w**2 - 16. What is k(0)?
-16
Let f(r) = r**3 + 13*r**2 - 29*r + 12. Give f(-15).
-3
Let o(m) = -3*m**3 - 8*m**2 + 4*m - 6. What is o(-4)?
42
Let r(p) = -p + 20. Determine r(20).
0
Let r(t) = t**3 - 15*t**2 - 14*t - 40. Determine r(16).
-8
Let o(v) = 5*v - 12. What is o(5)?
13
Let j(u) = -u**3 + 5*u**2 + 21*u - 15. Determine j(8).
-39
Let c(t) = -2*t - 18. What is c(-8)?
-2
Let q(z) = z**2 + 14*z + 3. Give q(-7).
-46
Let m(x) = -51*x - 358. Calculate m(-7).
-1
Let w(g) = g**2 - 15*g - 40. What is w(18)?
14
Let q(b) = 2*b**2 - 3*b + 1. What is q(-4)?
45
Let l(x) = -x**3 - 8*x**2 - 6*x + 4. Give l(-6).
-32
Let q(j) = -4*j + 10. Determine q(8).
-22
Let y(b) = -18*b**2 + 1. Calculate y(-1).
-17
Let o(v) = v**2 + 11*v + 26. Give o(-6).
-4
Let p(n) = 2*n**2 + 5*n + 3. What is p(-3)?
6
Let w(u) = -u**2 + 6*u + 6. Determine w(6).
6
Let f(n) = -n**3 - 4*n**2 - n + 4. What is f(-3)?
-2
Let i(b) = 2*b**3 + 16*b**2 + 4*b + 12. Determine i(-8).
-20
Let l(q) = 3*q - 6. Determine l(-7).
-27
Let h(d) = d**2 - 25*d + 6. Give h(11).
-148
Let x(s) = -6*s - 18. Determine x(-4).
6
Let a(s) = s**2 + 7*s + 7. What is a(-4)?
-5
Let w(z) = 5*z**3 - z. Give w(1).
4
Let g(i) = -i**3 + 4*i**2 + 3*i - 5. Give g(4).
7
Let i(w) = -24*w**2 - 7*w + 4. Determine i(2).
-106
Let j(l) = -l**2 + 41*l - 288. Calculate j(9).
0
Let v(x) = -147*x + 11. Give v(0).
11
Let q(j) = 2*j**2 - 4*j - 17. Give q(-2).
-1
Let s(t) = -19*t**2 + 116*t + 7. Determine s(6).
19
Let t(n) = -27*n - 1. Determine t(1).
-28
Let o(k) = 3*k - 39. Give o(0).
-39
Let g(n) = 82*n**3 + n. Calculate g(1).
83
Let b(y) = -3*y + 5. Determine b(-14).
47
Let j(u) = 3*u**3 + 17*u**2 - 6*u - 78. Determine j(-5).
2
Let z(n) = -n + 9. What is z(5)?
4
Let l(o) = 195*o + 982. What is l(-5)?
7
Let u(k) = -k**3 - 10*k**2 - k - 10. What is u(-10)?
0
Let b(y) = -y**3 + 5*y**2 + 3*y + 4. What is b(5)?
19
Let g(k) = 2*k + 2. Give g(3).
8
Let h(n) = -n**2 - 4*n - 20. Determine h(-8).
-52
Let j(p) = p**2 + 13*p - 20. Determine j(-15).
10
Let p(o) = -o**2 - 2*o - 2. Give p(-3).
-5
Let g(u) = -2*u**3 - 7*u**2. Determine g(-4).
16
Let z(a) = -a**3 - 20*a**2 - 54*a - 51. What is z(-17)?
0
Let p(t) = -t**3 + 13*t**2 - 10*t - 29. Give p(12).
-5
Let h(d) = -d**3 - 19*d**2 - 15*d + 45. Determine h(-18).
-9
Let v(w) = w**2 + 3*w + 3. What is v(-4)?
7
Let a(i) = -2*i**2 - 41*i + 29. Give a(-22).
-37
Let w(x) = 73*x - 6. Calculate w(-2).
-152
Let g(q) = q**3 - 8*q**2 - 8*q + 5. What is g(8)?
-59
Let a(m) = m**3 + 12*m**2 - 25*m + 31. Determine a(-14).
-11
Let o(v) = -4*v - 13. What is o(-8)?
19
Let d(t) = -t**3 + 16*t**2 + 2*t - 36. Determine d(16).
-4
Let j(a) = -a**2 + 11*a + 134. Give j(17).
32
Let t(p) = p**2 + 20*p + 37. Give t(-19).
18
Let d(p) = p**3 - p**2 + p - 39. Give d(0).
-39
Let y(j) = j**2 + 2*j - 8. Calculate y(0).
-8
Let l(p) = 2*p**2 + 41*p + 1. Determine l(-21).
22
Let r(o) = 2*o**3 + 5*o**2 - 3*o + 7. Give r(-5).
-103
Let c(n) = n**3 - 10*n**2 - 1. Calculate c(10).
-1
Let s(i) = 2*i**3 + 4*i**2 + 2*i - 3. What is s(-3)?
-27
Let q(c) = 2*c**3 + c**2 + c - 30. Calculate q(0).
-30
Let i(q) = 16*q - 56. Calculate i(4).
8
Let c(o) = -o**2 + 14*o - 20. Give c(13).
-7
Let p(z) = -3*z**2 - 9*z - 5. Determine p(-4).
-17
Let b(h) = -3*h**3 + 2*h**2 + h - 3. What is b(1)?
-3
Let s(i) = -3*i + 14. Calculate s(7).
-7
Let p(r) = r**3 + 3*r**2 - r. Give p(-5).
-45
Let b(k) = -5*k**3 - 4*k**2 + 5*k - 5. Give b(2).
-51
Let c(l) = l**2 - 3*l + 3. Determine c(3).
3
Let j(a) = -a - 41. What is j(11)?
-52
Let b(t) = t**3 - 4*t**2 + t + 4. Determine b(4).
8
Let t(o) = 26*o**3 - 2*o**2 + o + 1. What is t(1)?
26
Let v(f) = f**3 - 6*f**2 - 3*f - 13. Determine v(6).
-31
Let p(z) = -z - 4. What is p(2)?
-6
Let z(k) = 11*k - 19. Give z(-6).
-85
Let h(s) = -s**2 + 37*s - 195. Calculate h(31).
-9
Let l(f) = f + 2. Give l(-7).
-5
Let v(f) = -f - 2. Calculate v(-9).
7
Let f(z) = -5*z + 7. Give f(5).
-18
Let w(k) = 2*k**3 + 5*k**2 - 16*k - 11. What is w(-4)?
5
Let l(d) = -d. What is l(-9)?
9
Let u(v) = v**3 - 10*v**2 - 2. Determine u(10).
-2
Let x(j) = 5*j - 8. Give x(-4).
-28
Let l(o) = 9*o + 19. Calculate l(-7).
-44
Let q(d) = 2*d**2 + d - 41. What is q(0)?
-41
Let c(i) = -3*i - 91. Calculate c(-13).
-52
Let y(z) = -z**3 + 3*z**2 + 8*z - 14. Determine y(4).
2
Let r(l) = 58*l + 1. Determine r(-3).
-173
Let c(q) = 26*q - 4. Determine c(0).
-4
Let f(s) = s**2 - 3*s - 2. What is f(8)?
38
Let l(m) = 10*m**2 + 3. What is l(-3)?
93
Let q(y) = y + 4. What is q(9)?
13
Let q(l) = 2*l - 42. Give q(7).
-28
Let h(d) = 52*d + 163. Calculate h(-3).
7
Let s(r) = r**2 - 6*r - 1. What is s(-2)?
15
Let o(m) = -2*m**2 + 8*m + 24. Calculate o(-2).
0
Let f(d) = -d**2 - 14*d - 32. Determine f(-11).
1
Let r(a) = a**2 + 8*a + 13. Determine r(-2).
1
Let d(x) = -x**3 + 11*x**2 + 2*x - 10. Determine d(11).
12
Let j(d) = d**3 + 3*d**2 - 4*d - 10. Give j(-3).
2
Let h(d) = -d**2. Determine h(3).
-9
Let i(q) = -3*q**2 + 17*q + 2. Determine i(7).
-26
Let m(v) = v**3 - 8*v**2 + 5*v - 1. What is m(4)?
-45
Let n(v) = -v**3 + 3*v**2 + 6*v - 4. What is n(5)?
-24
Let n(p) = -2*p + 2. Determine n(9).
-16
Let d(p) = -p**2 - 16*p - 35. Give d(-9).
28
Let p(i) = -36*i - 1. Calculate p(1).
-37
Let k(n) = 61*n - 143. Give k(2).
-21
Let u(r) = -r**3 - 8*r**2 + 8*r - 9. Determine u(-9).
0
Let v(z) = z**3 - 6*z**2 - 8*z - 6. What is v(7)?
-13
Let f(w) = -12*w + 53. What is f(5)?
-7
Let i(b) = -b**3 - 7*b**2 - 9*b - 15. Determine i(-6).
3
Let p(z) = -z**3 + 3*z**2 + 2*z + 1. What is p(4)?
-7
Let u(i) = i**3 + 6*i**2 - 3*i + 13. Determine u(-6).
31
Let z(j) = 16*j + 3. Calculate z(0).
3
Let d(h) = 4*h**2 - 105*h + 26. Determine d(26).
0
Let f(x) = x**3 - 2*x**2 - 6*x + 26. Determine f(4).
34
Let d(t) = 5*t**3 + 2*t**2 - t - 3. Give d(2).
43
Let f(z) = -z**2 - 4*z + 3. Calculate f(3).
-18
Let x(u) = -u**2 - 1. Determine x(-2).
-5
Let h(q) = 2*q**3 - 2*q**2 - 5*q. Give h(3).
21
Let j(d) = d**2 - 3*d - 15. Calculate j(9).
39
Let r(l) = -l**3 + 15*l**2 - 17*l - 6. Calculate r(14).
-48
Let s(f) = 2*f + 6. Calculate s(-6).
-6
Let s(a) = 2*a**2 - 106*a + 650. Give s(46).
6
Let y(b) = -b**2 - 6*b - 5. Calculate y(-4).
3
Let n(y) = y**3 + 14*y**2 - 9. Give n(-14).
-9
Let j(l) = -2*l**2 + 7*l - 19. What is j(5)?
-34
Let h(d) = -d + 9. Give h(7).
2
Let t(c) = c**3 - 6*c**2 + 3*c - 2. Calculate t(5).
-12
Let l(a) = -a**3 + 5*a**2 - 6*a + 4. Give l(4).
-4
Let y(u) = -3*u + 51. Give y(15).
6
Let m(w) = 4*w**2 - 2*w - 1. Give m(-3).
41
Let h(l) = 6*l - 3. Determine h(3).
15
Let r(a) = -8*a**2 + 2*a - 1. Determine r(1).
-7
Let b(q) = -q - 7. What is b(-6)?
-1
Let g(w) = w**2 - 43*w - 292. Determine g(49).
2
Let x(f) = -27*f - 63. Give x(-2).
-9
Let n(d) = d - 6. Determine n(3).
-3
Let v(u) = -u**2 - 3*u + 21. Calculate v(-5).
11
Let v(n) = -6*n - 57. Give v(-11).
9
Let f(w) = 5*w**2 + 25*w + 8. What is f(-5)?
8
Let i(w) = -w**2 - 13*w + 5. Give i(-13).
5
Let d(f) = -2*f**3 - 3*f**2 - 